-6*c**2 + 22*c + 2. Let t be i(6). Let o = -127 - t. Let v = -3 - o. What is the greatest common divisor of 24 and v?
6
Suppose 1 = 5*s + 3*z, 5*z = 2*s - 7*s + 5. Let p be 64/8 - (3 + s). Let r be 2/p + (-4338)/(-27). Calculate the greatest common divisor of 23 and r.
23
Let f(d) = -3*d**3 - 10*d**2 - 25*d - 3. Let x be f(-2). Let s be ((-3)/9)/(4/(-1488)). What is the greatest common factor of s and x?
31
Let u be (-23)/(-5) - (-6)/15. Let b = 160876 - 160851. What is the highest common factor of u and b?
5
Let d(x) = -18*x**3 - x**2 + 9*x - 1. Let q be d(-3). Suppose -12 + q = 3*m - 2*v, 4*m = 5*v + 585. Calculate the greatest common factor of m and 29.
29
Let u(w) = w**2 + 18*w - 14. Let n be u(-28). What is the highest common factor of 238 and n?
14
Suppose 1400*m - 252 = 1372*m. What is the highest common divisor of 15993 and m?
9
Let k(m) = -m - 7. Let i be k(5). Let r = i - -3. Let v(p) = -4*p - 26. Let h be v(r). What is the highest common factor of 20 and h?
10
Suppose -560*w - 3698341 + 6947870 = -12787191. What is the greatest common factor of 14 and w?
7
Let b = 151 + -154. Let o be (b/2)/(39/(-1534)). Let f = 90 - o. Calculate the greatest common divisor of 31 and f.
31
Suppose 5*b = -n + 623, 4*b + 605 = 9*b - 5*n. Let u = 30 + b. Calculate the highest common factor of 14 and u.
14
Suppose -18 = 4*l - w + 3, -5*l + 2*w - 24 = 0. Let x be (21/6)/((-3)/l). Suppose -49 = -x*j + 6*j. Calculate the highest common factor of j and 7.
7
Let q be 38 - 2/8*72/9. Let c be q/(-54)*(-270)/3. Calculate the highest common factor of c and 390.
30
Let n be 6 + (-690)/(-25) + 144/60. Calculate the highest common divisor of n and 15174.
18
Let r = 4 + 0. Let l be (1 + -2)/(-8 - 906/(-114)). Let u = l - -25. Calculate the greatest common divisor of r and u.
4
Suppose -5*q = -4*l + 779, 4*l - q + 2*q - 785 = 0. What is the highest common divisor of 1127 and l?
49
Suppose 4*j + 83 = 2*z - 53, 0 = -5*z + 4*j + 316. Calculate the highest common divisor of 25 and z.
5
Suppose -15*w + 4*l + 477 = -10*w, 2*w = 2*l + 188. What is the highest common factor of w and 18079?
101
Suppose -2*l + 8*z + 2719 = 11*z, 3*l - 4*z = 4070. Calculate the highest common divisor of l and 28.
14
Let t = -188 - -219. Let f(u) = 2*u**2 - 63*u + 46. Let j be f(t). What is the highest common divisor of j and 705?
15
Let a be (56/(-21))/((4/9)/(392/(-84))). What is the greatest common factor of a and 32?
4
Suppose 19*k - 2329 - 2742 + 663 = 0. Calculate the highest common divisor of 493 and k.
29
Suppose -2*i - k + 8 = 0, -2*i - k - 28 = -6*i. Suppose -i*d = -3*d - 249. Let s = d + -17. Calculate the greatest common factor of 6 and s.
6
Let f(d) = 0*d + 4*d - 6 + 0*d + 4*d - d**2. Let l(t) = -13*t + 122. Let s be l(9). Let j be f(s). What is the highest common factor of j and 36?
9
Suppose h - 21120 + 7260 = -29*h. Calculate the highest common factor of 686 and h.
14
Let i(y) = 17*y**2 - 10*y + 6. Let f be i(2). Suppose 2*v - 403 = -151. What is the greatest common divisor of f and v?
18
Let i be (1316/12)/((2 + 2)/12). Let z = i - 217. Suppose -p = -c + 13 + 4, 5*c + 4*p = z. Calculate the highest common divisor of 12 and c.
4
Let x(u) = -5*u - 77. Let f = -101 + 80. Let m be x(f). Calculate the greatest common factor of m and 182.
14
Suppose 46701*v + 5610 = 46716*v. Suppose 42 = 2*r - 26. What is the highest common divisor of r and v?
34
Let k be 2 + -1 - 174*(-36)/8. Suppose -27*r + 11*r = -k. Let m be 2/7 - 1/(r/(-1456)). What is the greatest common factor of 150 and m?
30
Let o be (0 - 9)/((-197)/985). Calculate the greatest common factor of o and 1920.
15
Suppose -36*g + 33*g + 2*s = -408, 2*g - 288 = 4*s. What is the highest common divisor of g and 2574?
66
Let c be (-3 - -1)*(-162)/54 + 5363. Calculate the greatest common factor of c and 177.
59
Suppose -2*r + 18 + 306 = 0. Let s = -110457 + 110583. Calculate the highest common divisor of s and r.
18
Suppose 0 = 10*l + 3571 - 125861. What is the greatest common factor of l and 14?
7
Let l be (1/(-3))/(-3 - (-10072)/3360). What is the highest common divisor of l and 340?
20
Let o = 6850 - 6269. Calculate the highest common factor of o and 98.
7
Suppose -4*s + 1219 = 423. Let d be (-30)/12*(-1252)/10. Let l = d - s. Calculate the highest common divisor of l and 38.
38
Suppose 3*w - 3 = 6. Let i = 7628 - 7622. Calculate the greatest common divisor of w and i.
3
Let u be (-55)/(-3) + (-2)/6. Let b be (-22 + 24)*(-441)/(-2). Let v = -279 + b. What is the greatest common factor of v and u?
18
Suppose 4984 = -c + 4*j, -5*c + j - 13728 = 11230. Let v be (c/(-240))/(4/110). What is the greatest common divisor of 52 and v?
52
Let p be (-4950)/385*525/(-9). What is the greatest common factor of p and 705?
15
Suppose 10*o = 267 + 533. Let f be (o + -6 + -8)*2. Let i(k) = k**3 + 9*k**2 + 9*k - 2. Let x be i(-7). Calculate the highest common factor of x and f.
33
Let o be 3/(-4) - 13396/272*3*-29. What is the highest common divisor of 168 and o?
84
Let j be (7/35 + 14/(-20))*-774. Suppose -496 = -4*c - 2*s, -s + j = 5*c - 236. Let z be 25/c - (-1 - 804/5). Calculate the highest common factor of 108 and z.
54
Suppose 21*z - 24*z = -5*d - 22, -3*z - 4*d = -31. Let o be (51 + 2)*1*9. Calculate the highest common divisor of z and o.
9
Suppose 7*o - 2094 = 2498. Suppose 5*p - 1098 = 4*h, 4*h = 3*p - o + 2. What is the highest common divisor of p and 6?
6
Let b(v) be the first derivative of 8*v**3/3 + 13*v**2/2 - 13*v - 53. Let w be b(1). Calculate the highest common factor of 344 and w.
8
Suppose -d - 7 = -2*h, 0*d + 7 = d + 5*h. Let c be (352/(12/d))/(-2)*2. What is the greatest common factor of c and 55?
11
Let o(h) = 82*h**2 - 409*h - 68. Let m be o(12). Calculate the highest common divisor of 1220 and m.
244
Let a(r) = -r**2 + 4*r + 13. Let o be a(-2). Let v be (-285)/(-4 - o) - 1. Calculate the highest common factor of v and 12.
4
Let l = -9190 - -9622. What is the greatest common factor of 27 and l?
27
Suppose z + 4185 = 11*n - 7*n, 5*n - 5226 = 2*z. Calculate the greatest common divisor of n and 32.
8
Suppose 5*m = -2*s - 3104 + 10361, -10868 = -3*s - 4*m. What is the highest common divisor of s and 128?
32
Suppose -f = -5*f + 48. Let j = 16610 - 16586. Calculate the greatest common divisor of f and j.
12
Suppose l = 6*b - 3*b - 1484, -2*b + 988 = -l. Suppose -4*y - b = -3*w, w - y = 4*w - 506. What is the highest common divisor of w and 126?
42
Let a be 55/(-2)*1056/(-60). Let c be (-2 + 3 + -3)/1 - -662. Suppose 0 = 10*z + 5*z - c. Calculate the highest common divisor of z and a.
44
Suppose 2*u + 41 = -5*k + 1652, 3*u = 3*k + 2364. Let l = 11784 + -11758. Calculate the greatest common factor of u and l.
13
Suppose -109*c - 67*c = -58*c - 18054. What is the highest common factor of 1377 and c?
153
Suppose 2*b + 5*g = 1811 + 2053, -g = -8. What is the highest common factor of b and 8?
8
Let n = 393 + -375. Let u(r) = r**3 - 17*r**2 - 13*r - 10. Let f be u(n). What is the greatest common divisor of f and 5?
5
Suppose 4*r + 52 = q - 28, 3*q + 3*r - 240 = 0. Suppose 0 = q*b - 102*b + 6710. Calculate the greatest common divisor of 183 and b.
61
Let z = -14369 - -14395. What is the highest common divisor of z and 4654?
26
Let a(n) = -13*n + 195. Let x = -75 + 45. Let d be a(x). Calculate the greatest common factor of d and 45.
45
Let x = -78 + 780. Let z = 762 - x. Calculate the greatest common factor of 690 and z.
30
Let y(u) = -28*u - 2. Let t be y(2). Let b = t + 78. Let n be b/(-24) + 1 + 670/12. What is the highest common divisor of n and 42?
14
Let k be 1/4 + (-414)/(-72). Suppose -k*m - 10 = -11*m. Suppose -95 = -3*r + 2*o, -5*r + m*o + 149 = o. Calculate the greatest common divisor of 29 and r.
29
Suppose 743*r - 3*v + 70 = 748*r, 0 = r + 5*v - 36. Let o be 1 + (-1 - (1 + -4)). Suppose 78 = -o*p + 309. What is the greatest common factor of p and r?
11
Let d(j) = -22*j - 6. Let g(n) = -n**2 - 4*n + 16. Let a = -2 - 5. Let q be g(a). Let x be d(q). What is the highest common factor of x and 13?
13
Suppose 984 - 500 = 11*r. Suppose -2*v - 5*d - 162 = -763, 0 = -v + d + 311. Calculate the highest common factor of r and v.
44
Let d = 105 + -25. Let h = d - 48. Suppose -4*p + 3 = 4*x - 1, -3*x + p = -7. What is the highest common